ens digit of l(g)?
7
Suppose 2*t - 796 = 5*x, -5*t + 40 = -x - 110. Let p = 233 + x. Suppose 3*f + y - 340 - p = 0, 5*f + y = 691. What is the units digit of f?
9
Let n = 256 + -305. Let m = n + 64. What is the units digit of m?
5
Suppose 2*l = -l - 72. Suppose 4*g = 9*p - 552, 5*p - 3*g - 116 - 186 = 0. Let f = p - l. What is the tens digit of f?
8
Let c(v) = -30*v + 2195. Let b be c(73). Let u(i) = -2*i - 6. Let j be u(-6). Suppose 625 = 3*a + 5*m, a - 211 = b*m - j*m. What is the hundreds digit of a?
2
Let n be (-2)/(-18) - 3/((-162)/17166). Suppose 442 = 5*o - n. What is the units digit of o?
2
Let p(j) = -2674*j - 239. What is the thousands digit of p(-3)?
7
Let z(t) = -14*t**2 + t - 4. Suppose -2*q = 6*q + 104. Let c(y) = -29*y**2 + 3*y - 8. Let o(n) = q*z(n) + 6*c(n). What is the tens digit of o(-3)?
6
Suppose -2*g = 4*k - 62, 3*k - 2*k + 4*g = 33. What is the tens digit of k + 1046 - (-5 + (2 - 1))?
6
Suppose -5*t = n - 85, 0 = 4*t + 4*n - 25 - 27. Suppose -2*b + 1092 = s, -t*b - 2745 = -23*b + 5*s. What is the hundreds digit of b?
5
Suppose 5*q - q = 4*m - 540, q + 407 = 3*m. Let t = m + -133. What is the units digit of -3 + t + 1 - -120?
1
Let m = 87121 - 47013. What is the units digit of m?
8
Let j(x) = -5252*x + 912. Let t be j(2). Let z = 53 - 93. What is the tens digit of 1/5 + t/z?
4
Suppose -5*a = 0, 3*j - j = 4*a + 126. Let p = -54 + j. Suppose -130 = p*x - 14*x. What is the tens digit of x?
2
Let v = 1394 + -744. Suppose -5*u = x - 650, 5*u - 5*x + 0*x - v = 0. Let m = u - 46. What is the tens digit of m?
8
Suppose -52*r - 15008 = -94412. What is the hundreds digit of r?
5
Suppose 2*u + 2*u = 8. Suppose -z - 2*h + 87 = 0, z = -2*h + 6*h + 69. Suppose -2*j - u*f = -230, -3*f = 5*j - 666 + z. What is the units digit of j?
0
Let p(t) = t**3 + 16*t**2 - 15*t - 21. Let a be p(-17). Let f = -45 - a. Suppose f*w + 41 = 711. What is the tens digit of w?
6
Suppose 0 = -v + 6*v + j - 118994, 0 = -5*v + 3*j + 118998. What is the tens digit of v?
9
Suppose -10*r - 3*u - 21 = -5*r, -3*r - 2*u - 12 = 0. What is the hundreds digit of (-63)/r*46 + (-6 - -3)?
4
Suppose 607*l - 50700 - 579780 = 570*l. What is the tens digit of l?
4
Let z = -12393 - -12523. Let d = -13 + 5. Let j = z - d. What is the tens digit of j?
3
Suppose 2*k + z - 12 = 0, -3*k + 3*z = -8*k + 31. Suppose -2*d + k = -d. Let b(c) = 2*c**2 - c + 3. What is the units digit of b(d)?
8
Let k = -19594 + 33662. What is the tens digit of k?
6
What is the hundreds digit of (-47066)/(-12) - (2/(-3) + (-370)/(-444))?
9
Let v(f) = f + 8. Suppose 0 = 2*q + c + 6, 0*q + 7 = q + 3*c. What is the units digit of v(q)?
3
Suppose 2*p + 4*s - 36 = 0, 3*p + 6*s - 49 = s. Suppose p*j - 857 - 431 = 0. What is the hundreds digit of j?
1
Suppose -5*b + 57 = z, z - 18 = -2*b + 3*z. Let v = -11 + b. Suppose 3*n - 4*o - 34 = 0, 2*n + 3*o - 31 - 20 = v. What is the units digit of n?
8
Let a(v) = 14*v**3 + 29*v**2 - 13*v + 161. Let r(b) = 5*b**3 + 10*b**2 - 4*b + 54. Let s(d) = -4*a(d) + 11*r(d). What is the units digit of s(-10)?
0
Let y be 1 + -2 + 18/(5 + -2). Suppose -z + 2*z + 6 = -5*x, 2*z = -y*x + 3. What is the units digit of -2 + 115 + (z - 5)?
7
Suppose b + 210 = -f + 2*f, -4*f - 3*b + 868 = 0. Suppose x - 444 = 9*h - 14*h, -h = 4*x - 104. Let m = f - h. What is the tens digit of m?
2
Suppose -2*q - 10 = -2*z, 11 + 9 = z - 4*q. Let v = 6 + -6. What is the tens digit of 219 - ((v - z) + -4)?
2
Let l(m) = 4*m**3 - 107*m**2 + 40*m - 71. What is the units digit of l(30)?
9
Let a(o) = o**3 - 21*o**2 - 3*o - 23. Let t be a(21). Let w = -95 - t. Let q(z) = -z**2 - 20*z + 10. What is the tens digit of q(w)?
0
Let v(q) = 284*q + 297. What is the hundreds digit of v(17)?
1
Suppose 10176 = 25*h - 31*h. What is the units digit of (h/24)/(1/(-9))?
6
What is the units digit of (3376/6)/(-8)*-135?
5
Suppose -18 = -7*v - 4. Let s(y) = -12*y - 13*y**2 + 3*y**3 + 15*y**v - 3*y**2 - 2*y**3 + 1. What is the tens digit of s(6)?
0
Let i(x) = 14*x - 31. Let d be i(15). Let n = d + -58. What is the units digit of n?
1
Let b = -29 + 449. Let x = 120 + b. What is the units digit of x?
0
What is the thousands digit of (-16)/52 - 73354/(-26)?
2
Let s(f) be the third derivative of 11*f**6/360 + 5*f**5/12 - f**4/8 + f**2. Let g(m) be the second derivative of s(m). What is the units digit of g(5)?
0
Let j(k) = 15*k - 4 + 8*k - 2*k. Let s(w) = -w**3 + 28*w**2 + 45*w + 464. Let b be s(30). What is the tens digit of j(b)?
9
Suppose 0 = 80*t - 72*t + 12520. Let a = t + 2713. What is the thousands digit of a?
1
Let l(r) = 2*r**2 + 12*r - 29. Let w(s) = -s**2 - 13*s + 30. Let d(u) = 2*l(u) + 3*w(u). Let z be d(13). Suppose -z*p = -621 - 75. What is the units digit of p?
6
Let q be (1 - (-1)/(-2)) + (-73)/146. What is the tens digit of (q + 1)/(15/24420)?
2
Let b(j) = -8*j**2 - 5*j + 3. Let a be b(3). Let r be -4*6/72 + (-1677)/(-9). Let o = a + r. What is the units digit of o?
2
Suppose d + 16*b = 20*b + 13757, 0 = 3*b + 6. What is the thousands digit of d?
3
Suppose -111152 = -5*i - p, -22*p = i - 17*p - 22240. Suppose -40*c + i = -2*c. What is the tens digit of c?
8
Suppose -258319 = -16*w + 36*w - 831719. What is the ten thousands digit of w?
2
Suppose -40*n = -5*i - 36*n + 79996, -5*i = n - 79976. What is the hundreds digit of i?
9
Suppose 5*a + 25 = 0, 4*a = 4*c - 89 + 1101. Let s = 174 - c. What is the units digit of s?
2
Let z(b) = b**2 - 8*b - 9. Let m be z(9). Suppose -2055 = -5*h - 5*t, -3*h - 17*t + 12*t + 1227 = m. What is the tens digit of h?
1
Let z = -3 - 60. Let y = 68 + z. What is the tens digit of (-2274)/(-12) + (10/(-4))/y?
8
What is the hundreds digit of -5*(111/(-75) - 1)*(82 + 2633)?
6
Let w(h) = 379*h**2 + 55*h + 697. What is the units digit of w(-10)?
7
Let b be (-13)/(-39) + 2627/3. What is the units digit of (b/9)/(2/(-3) + 1)?
2
Suppose 62*k = 191 + 43 - 110. Let m(w) = -w**2 + w. Let c(d) = 14*d**2 + 2*d + 2. Let n(h) = c(h) - 6*m(h). What is the tens digit of n(k)?
7
Let i(f) = 9*f - 79. Let h be i(9). Suppose 0 = 3*z - h*s - 550, -s + 4*s + 733 = 4*z. What is the units digit of z?
4
Let q be (-16)/(-6)*9/6. What is the tens digit of 91 - 0 - 2/(-8)*q?
9
Let g = 6 - -6. Suppose -39 = -3*k - g. Suppose 5*i - k*i + 184 = 0. What is the units digit of i?
6
Let l(q) be the first derivative of 5*q**3/3 - 7*q**2 + 7*q + 15. What is the hundreds digit of l(-10)?
6
Let c(m) = 1956*m**2 - 3*m - 4. What is the units digit of c(-1)?
5
Let q(k) = -5468*k + 479. What is the tens digit of q(-9)?
9
Suppose 40*j - 38*j + 60888 = 120*j. What is the hundreds digit of j?
5
Suppose 2*a + 52843 + 19958 = 3*o, -o + a + 24267 = 0. What is the hundreds digit of o?
2
Let a = 137 - 139. What is the units digit of 314 + 1 - a/12*-6?
4
Suppose 4*a - 5*z = -328, 4*a - 82 = 5*a - z. Suppose 390 = 3*u + 3*g, -5*u + 662 = g - 2*g. Let j = a + u. What is the tens digit of j?
5
What is the units digit of (-6231)/62*(-2380)/21?
0
Let v(u) = 11*u**3 - 7*u**2 - 6*u. Let x be (-6)/((-2)/(-12)*-9). What is the hundreds digit of v(x)?
5
Suppose f + 3*f - w + 4750 = 0, -5*w - 5950 = 5*f. Let u = f + 1824. What is the units digit of u?
6
Let z(w) = -w - 11. Let l be z(-13). Suppose -5*v + l*o = -7582, -5*v - 3016 = -7*v + 5*o. What is the units digit of v?
8
Let l = -32 + 34. Suppose -t - l*t - 16 = -y, -12 = 3*t. Suppose -23 = -o - y. What is the tens digit of o?
1
What is the units digit of (-1 - -27)/(198/141768)?
6
Suppose 59*p - 224*p + 2162200 + 87740 = 0. What is the units digit of p?
6
Let p be ((-960)/(-14))/(36/168). What is the hundreds digit of p/((-9)/((-135)/6))?
8
Let n be -4*(-3)/((-24)/(-47696)). Suppose -29*l = -n - 18086. What is the hundreds digit of l?
4
Let h = -247 + 344. Let x(y) = -y**3 - 4*y**2 - 4*y. Let f be x(-5). Suppose 2*i - h = f. What is the units digit of i?
1
Let m(o) = -7*o + 8. Let q be m(-2). Let n(d) = -q - 20*d**2 + 45 - 20 + d**3 + 13*d. What is the hundreds digit of n(20)?
2
Let f = 7 - 4. Let h(y) = 18*y**2 - 408*y - 136. Let i be h(23). Suppose -4*s - 21 = -2*c - f*c, -2*c = -i*s - 8. What is the units digit of s?
1
Suppose 0 = 7*c - 0*c - 854. Let p = c + -122. Suppose p = -8*q + 2838 - 958. What is the hundreds digit of q?
2
Suppose 4*k - 493 - 451 = 0. Let c(j) = 2 + 3*j**2 - j**3 + k*j - 